v = 2*l - 80, v = -5*l + 174. Suppose -13 = -6*x - 1. Let g be (1 - (2 + x))/((-1)/17). What is the highest common factor of g and l?
17
Let n(s) = 22*s**2 - s + 1. Let r be n(-1). Let a = r + -18. Suppose a*l = 2*l + 128. Calculate the highest common divisor of l and 160.
32
Suppose -9*w - a + 495 = -4*w, 4*a = -w + 118. Calculate the greatest common factor of w and 28.
14
Suppose -5*n = 4*r - 319, -1 = 4*n + 3. Let f be 2/(-4)*(-151 + 5). Let x = 82 - f. What is the highest common factor of x and r?
9
Let z = -289 + 303. Let m be 2/(-3) - 8/(-3). Calculate the greatest common divisor of z and m.
2
Suppose 5 = 5*f, 4*x - 5*f = -x - 80. Let k = 33 + x. What is the greatest common factor of 45 and k?
9
Let w(p) = 28*p + 7. Let x be w(8). Let k be (2 - -1)/9 - (-62)/3. Calculate the highest common divisor of x and k.
21
Let v be (-2)/7 - (1016/(-28) - 2). Let s be (-46)/(-161) + v/14. What is the greatest common divisor of s and 24?
3
Let v = -130 - -130. Suppose 1186 = 4*u + b, v = 5*u - u + 2*b - 1184. Calculate the highest common factor of 27 and u.
27
Suppose 52 - 12 = 4*z. Let j be ((7 - 1)*1)/2. Suppose -2*s = -5*u + 454, -s - 42 = -j*u + 230. Calculate the greatest common factor of u and z.
10
Suppose -6*a = 882 + 108. Let b be a/(-4) + (-93)/(-124). Calculate the highest common divisor of b and 3.
3
Suppose 4*o - r + 5 = 0, o = -0*o - r. Let d(z) = -6*z. Let v be d(o). Suppose 0*l = -v*l + 156. Calculate the greatest common factor of 39 and l.
13
Let z(v) = -7*v + 40. Let d be z(-10). Suppose 0*a = -3*b - 5*a + 152, 3*b + 3*a = 144. What is the highest common divisor of d and b?
22
Let r be (-108)/(-14) + (-6)/(-21). Let n(y) = -y**3 + 16*y**2 - 17*y + 34. Let z be n(15). Calculate the greatest common divisor of r and z.
4
Suppose -5*s - 88 = -y + 2, 3*s + 362 = 5*y. Let l = -299 + 178. Let t = l + 131. What is the highest common factor of t and y?
10
Let p = -37 - -77. Let a be (-1 + -39)*(-66)/88. What is the highest common divisor of a and p?
10
Let r be 2/((-2)/(-132)*4). Suppose 2*s = 2*m - 22, 0 = -m - 2*s + 15 - 4. Calculate the greatest common factor of m and r.
11
Suppose 25*j - 29*j - 180 = -2*u, -u - 5*j + 125 = 0. What is the highest common divisor of 150 and u?
50
Let x = 9 - 10. Let n(v) = 119*v**2 - v - 1. Let b be n(x). Calculate the highest common divisor of 7 and b.
7
Let x(v) = 33*v + 43. Let w be x(4). Calculate the highest common factor of w and 35.
35
Suppose -5*q + 66 + 54 = 0. What is the highest common factor of 60 and q?
12
Suppose -10*y + 63 = -287. Let c(a) = -2*a + 5. Let n(o) = o. Let l(k) = -c(k) - 4*n(k). Let i be l(-5). What is the highest common divisor of y and i?
5
Suppose 2*z + 4*y = 3*y + 19, -4*z = y - 35. Suppose 16 = z*a - 6*a. Suppose 2*x + 15 - 47 = 0. What is the greatest common divisor of a and x?
8
Let p be 8/(-6)*-1*84/16. What is the highest common divisor of p and 63?
7
Let f(p) = 3*p + 96. Let l be f(-6). What is the highest common factor of 12 and l?
6
Let p be (-8)/(5 + 50/(-5) + 3). What is the greatest common divisor of p and 32?
4
Suppose -32*v + 27*v = 4*p - 82, 0 = -5*p - 10. Calculate the greatest common divisor of 144 and v.
18
Suppose -5*p + 5 = 0, 980 = -3*t - p + 231. Let s = -196 - t. Suppose 2*q - 4*l = -2*q + 320, -2*l - 322 = -4*q. Calculate the highest common factor of q and s.
27
Let h be (3 + 21/(-9))/((-3)/(-351)). Suppose h - 388 = -2*d. Calculate the highest common divisor of 62 and d.
31
Let h = -594 + 675. Calculate the highest common divisor of h and 648.
81
Let a be (15/10)/3*14. Suppose -d - 1108 = -2*h - 4*d, -1108 = -2*h + 5*d. Let f be h/10 - (-15)/25. Calculate the greatest common factor of f and a.
7
Let n(k) = -k**2 + 17*k - 18. Let l be n(16). Let j(w) = -w + w - w + 0. Let g be j(l). What is the highest common factor of 2 and g?
2
Suppose 35 = -2*s - 425. Let f = 472 + s. Calculate the highest common divisor of f and 22.
22
Let n(i) = -i**3 - 5*i**2 - 5*i. Let w be n(-4). Suppose 0 = -4*a + 6*x - w*x + 272, 0 = 5*a + 2*x - 322. Calculate the highest common divisor of a and 44.
22
Let g(p) = 2*p**2 - 16*p - 234. Let m be g(-9). What is the greatest common divisor of m and 450?
18
Let g = -103 + 104. Let p(u) = u + 4. Let l be p(12). What is the greatest common factor of l and g?
1
Suppose 72 = 17*b - 5*b. Suppose -t + 2*p - 60 = -6*t, 3*t = 4*p + 10. Let y = -6 + t. What is the greatest common divisor of b and y?
2
Let l = -8 - -12. Let c = 342 - 326. Calculate the greatest common divisor of l and c.
4
Suppose -3*a = 2*y - 4*y - 72, -a = 3*y - 24. Let c = 36 - a. Calculate the greatest common divisor of 60 and c.
12
Suppose 88 = 5*v + 2*t, 50 = 4*v + 3*t - 19. Let h be 845*(v/15 + 0). Let x be (-2)/(-5) - h/(-65). Calculate the highest common factor of 32 and x.
16
Suppose 0 = -11*f + 10*f + 1. Let u(p) be the second derivative of 14*p**3/3 - p**2 - 3*p. Let s be u(f). Calculate the highest common factor of 208 and s.
26
Let l = 390 - 346. Let i = 408 - 232. What is the highest common factor of l and i?
44
Let k(h) = 57*h + 304. Let a be k(21). Calculate the greatest common factor of 79 and a.
79
Let i = 1423 + -1397. What is the greatest common factor of 65 and i?
13
Let z = -2 - -24. Let t(o) = o**2 + 4*o - 18. Let k be t(-7). Suppose 3*s = -9, 3*a - 8*a + k*s = -999. Calculate the greatest common divisor of a and z.
22
Let m = 79 + 19. Let s be 5 - 16 - (-3)/1. Let w = s + m. Calculate the greatest common divisor of w and 18.
18
Suppose z - 5 = h, 4*z - 5*h = -2*h + 17. Suppose -2*n + 0*g + 16 = 4*g, g = -z*n + 13. Calculate the highest common divisor of n and 66.
6
Let s = 12 + -8. Suppose -5*o - 27 = -s*v, -o + 0*o = 4*v - 9. Let a be (-295)/(-9) - 2/(-9). What is the highest common divisor of v and a?
3
Let a = -156 - -188. What is the highest common factor of a and 800?
32
Let p = 130 + -90. Let c be (5/4)/(10/p). What is the highest common factor of 15 and c?
5
Let r be ((-232)/24 + 11)*(-1 - -253). What is the highest common divisor of 21 and r?
21
Let u = 1 - -1. Suppose u*j - 25 = -s, -3*j + 0*s = -s - 50. Suppose j = p + 2. Calculate the greatest common factor of 13 and p.
13
Suppose 4*m = 3*w - 161, 5*w + m - 2*m = 274. What is the greatest common factor of 45 and w?
5
Suppose -4*c = -7*c + 6. Suppose 4*j - 23 = -5*t + 55, 5*t - 66 = c*j. Suppose 0 = 2*r - r - t. Calculate the highest common divisor of 126 and r.
14
Suppose -x + 7 = 3*b, 2*x - 4*x = -b + 14. What is the greatest common divisor of b and 76?
4
Let y(u) = -3*u**3 - 6*u**2 - 8*u - 2. Suppose 7*c - 6 = 6*c + 4*l, 0 = c - l. Let d be y(c). Calculate the highest common divisor of 6 and d.
2
Let d be 40/(-320) - 169/(-8). What is the highest common factor of d and 49?
7
Let m be (-1*(-1)/(-2))/(105/(-19530)). Calculate the highest common divisor of 403 and m.
31
Suppose 0 = 5*f - 7*f + 3*i + 798, -i = -4. What is the greatest common factor of f and 45?
45
Suppose -5*g - 3*b = -449, 5*g - 121 = 3*b + 310. Calculate the highest common divisor of g and 8.
8
Let w = -2 + 51. Suppose -2*n - w = -169. What is the highest common factor of n and 10?
10
Suppose 0 = -p + 3*y + 26, -2*p + 2*y - 12 = -4*p. Suppose 4*s + 7 = 51. Calculate the highest common divisor of s and p.
11
Suppose 14*q - 1120 = 574. Calculate the highest common factor of q and 1.
1
Suppose -5*z + 131 - 31 = 0. Suppose 39*i = 47*i - 120. What is the greatest common divisor of z and i?
5
Let i = -621 - -645. What is the highest common divisor of 552 and i?
24
Let p(z) = -20*z + 234. Let y be p(11). What is the greatest common factor of y and 14?
14
Suppose -1772 = 8*u - 7916. Calculate the highest common factor of 96 and u.
96
Let r be 324/10 - (6 + 196/(-35)). Suppose -4*l + 2*x + 104 = 0, -2*l + 20 + r = 4*x. What is the highest common factor of 130 and l?
26
Let l(z) = 2 + z - 5*z + 6 + 3*z. Let t be l(3). Let s = -29 - -49. Calculate the greatest common divisor of s and t.
5
Let y = -196 + 430. Calculate the highest common divisor of 26 and y.
26
Suppose 12*f = 7*f + x + 102, 4*x - 54 = -2*f. Calculate the highest common factor of 161 and f.
7
Let v(y) = -y + 6. Suppose -6*p - 156 = -10*p. Let k be -1*p*9/27. Let w be v(k). Calculate the highest common factor of 57 and w.
19
Let r be -1 + 0 - (-2458)/((-2)/(-1)). Le